mon factor of a and 9.
9
Let t(p) = 2*p + 5. Let w be t(5). Suppose l = 4*l + w. Let r be (-1 - (-3 - l)) + 11. What is the highest common factor of 32 and r?
8
Let m = -3 - -8. Suppose m*n + 23 + 73 = 4*a, 4*a = -4*n + 60. What is the greatest common divisor of 57 and a?
19
Let n = -275 - -139. Let o = n + 272. What is the greatest common divisor of 17 and o?
17
Suppose 5*q + 134 = 3*n, 5*n = -0*q - 5*q + 290. Suppose -4*o + a - 2*a = -40, 5*o = -2*a + n. What is the greatest common factor of 18 and o?
9
Let x(v) = 3*v**2 - 7*v - 4. Let t be x(3). What is the greatest common divisor of t and 10?
2
Let h(i) = -3*i**2 - i + 2. Let g be h(2). Let r be 2 - (8 - 2 - 2). Let j be (r/3)/(2/g). What is the greatest common divisor of 20 and j?
4
Suppose -5*v = 4*b + 52, -2*b - 7 = v + 13. Suppose -7*x = -6*x + 4*o, -x - 2*o + 8 = 0. Let p = b + x. Calculate the greatest common divisor of p and 4.
4
Suppose -4*h = -3*h - 52. Let c be h/12 - (-1)/(-3). Suppose 2*z - 124 = -4*n - 0*n, -3*n + 100 = -2*z. Calculate the highest common factor of n and c.
4
Let l = 15 - 7. Calculate the greatest common factor of 16 and l.
8
Let m = 11 - 1. Let r(a) = -a**3 - 7*a**2 + 8*a + 5. Let l be r(-8). Suppose l*s = 116 + 9. What is the highest common factor of s and m?
5
Suppose -16*j - 4 = -17*j. Suppose j*m - 126 + 30 = 0. Calculate the highest common factor of m and 16.
8
Let g(i) = -5*i + 28. Let b be g(-4). What is the highest common factor of b and 3?
3
Suppose 0 = -21*w + 26*w - 50. Let l(d) = d**3 - 3*d**2 + d + 2. Let i be l(3). Calculate the highest common factor of i and w.
5
Let g(a) = 6*a - 9. Let n be g(7). Suppose 5 = -c - 4*x + 1, -3*c - 3*x + n = 0. Let o be (-14)/(-8) + 1/4. What is the highest common divisor of c and o?
2
Let x = 21 - 15. Suppose -2*t = 10, -3*v + x*v = 2*t + 127. Suppose s = -2*s + v. Calculate the greatest common factor of s and 143.
13
Let o be 404/10 - (-4)/(-10). Suppose 0 = r + 8 - o. What is the highest common divisor of r and 48?
16
Let k(n) = n**3 - 7*n**2 + 8*n - 7. Let i be k(6). Let g(w) = -w**2 + 5*w + 5. Let s be g(i). Calculate the highest common divisor of s and 45.
5
Let p(u) = -u**2 + 9*u - 2. Let s be p(10). Let m = s - -20. Calculate the greatest common factor of m and 88.
8
Let w(d) = -3*d - 6. Let h be w(-6). Let b be -6*2*2/(-4). Let m(y) = 14*y. Let t be m(b). What is the greatest common divisor of t and h?
12
Suppose -4*n - 35 + 4 = -3*u, -16 = 4*n. Suppose 2*y = -4*b + 38 + 120, -76 = -2*b - 4*y. Calculate the highest common divisor of b and u.
5
Let a(f) = -f**3 + 12*f**2 + 11. Let n be a(12). What is the highest common divisor of n and 44?
11
Let n = -138 + 463. Calculate the highest common factor of n and 65.
65
Suppose t = -3*o - 16, -2*t - 4 = 2*o - 0*t. Let v = 0 - o. What is the highest common divisor of 35 and v?
7
Let r(b) = 3*b**3 - 2*b**2 + 2*b - 1. Let q be r(1). Suppose 0 = 4*a - 42 + q. Suppose 0 = 3*j - 8 - a. Calculate the greatest common factor of 12 and j.
6
Suppose h + 0*h - 25 = -4*g, -5*h = 4*g - 13. Suppose 5 = 4*n - 4*u - g, -2*n = -5*u. Calculate the greatest common factor of n and 55.
5
Let m = -7 - -25. Suppose p + 2*r = -3*p + 4570, 3*r - 15 = 0. Let j be p/42 - (-2)/(-14). Calculate the greatest common factor of m and j.
9
Let q be (8/(-12))/((-64)/30 - -2). Let i be (-4)/(-16) - 6/(-8). Suppose 3*o - i = 14. What is the highest common divisor of o and q?
5
Let m = 43 - 41. Calculate the highest common divisor of m and 16.
2
Let k(x) = x**3 - 2*x**2 - 2*x + 1. Let m be k(3). Suppose 0 = -v + m*v - 51. Calculate the greatest common factor of 17 and v.
17
Let k be 0 + 1 - 4/(-1). Let j(p) = -p - 12. Let w be j(-6). Let d(f) = -5*f + 5. Let m be d(w). Calculate the highest common divisor of k and m.
5
Let i = -37 + 62. What is the highest common factor of i and 200?
25
Let a(f) be the second derivative of 0 + f + 2/3*f**3 - 2*f**2. Let z be a(4). Calculate the highest common factor of z and 96.
12
Let k(o) = -o**2 + 10*o - 7. Let a be k(5). Let t = a + 6. Calculate the highest common divisor of 120 and t.
24
Let l = 11 - -14. What is the highest common divisor of l and 10?
5
Suppose 71 = l - 9. Suppose -2*z - 2*d = -l, -30 = -5*d - 10. Calculate the greatest common divisor of z and 54.
18
Suppose 6 = -3*m + 4*m. Let l be (-1 - -1) + (m - 2). Suppose -23 = -l*n + 65. Calculate the highest common divisor of n and 33.
11
Let o = 25 - 19. Let f be (-4)/(-12) + 250/o. Suppose 3*v + 14 = 4*v. What is the greatest common divisor of f and v?
14
Suppose 0 = 2*s + 4*l - 28, 0 = -3*s + 6*s + 5*l - 47. Let m be 50/4*s/20. Calculate the highest common divisor of 45 and m.
15
Suppose 0 = -3*v - 5*f + 235, 5*v = f + 335 + 10. What is the highest common factor of 10 and v?
10
Suppose -r = -4*f - 4*r - 17, -5*r - 5 = -5*f. Let a be 2 - (f + 2)/(-4). What is the greatest common factor of a and 10?
2
Let s = 1 + -1. Let l(p) = p**3 - 7*p**2 + 3*p + 5. Let m be l(5). Let w be ((-54)/15 + s)*m. What is the highest common factor of 12 and w?
12
Let v(c) = 6*c**2 - c - 1. Let n be v(1). Suppose 0 = -n*f + 2*x + 166, 3*f + 0*f - 135 = 5*x. What is the greatest common divisor of 5 and f?
5
Suppose 33 = 2*d + 5. Let i(r) = r + 35. Let c be i(0). What is the highest common divisor of d and c?
7
Let y(a) = 2*a - 3. Let l be y(4). Let j be ((-4)/l)/((-6)/75). Let k = -17 - -67. Calculate the greatest common factor of k and j.
10
Let d = 9 + 0. What is the greatest common divisor of 99 and d?
9
Suppose 3*u + 188 = 4*p, -5*p - u - 224 = -10*p. Calculate the highest common divisor of 11 and p.
11
Let l be (1 + 0)*(9 - 0). Let f be 2/(-2) - l*-3. Suppose 0 = 2*v - 148 + 70. What is the greatest common divisor of f and v?
13
Let t be ((-4)/(-5))/((-1)/(-30)). Suppose 2*w = -3*i + 3 - 2, 1 = 2*i + w. Let k(s) = 59*s + 1. Let y be k(i). Calculate the highest common factor of y and t.
12
Let t be (-1)/(2 + 0)*-2. Let v(z) = -z**2 + 0*z**2 + 77*z**3 + 2*z**2 - 1. Let k be v(t). What is the greatest common factor of k and 7?
7
Let h be (-68)/(-16)*(39 + 1). Calculate the highest common factor of h and 34.
34
Let m be (15 + -25)*28/(-10). Calculate the greatest common factor of m and 42.
14
Let h(k) = -3*k**2 - 16*k - 8. Let g be h(-4). What is the greatest common divisor of g and 248?
8
Suppose -i + 5*i = 0. Suppose -4*o + 168 = -i*o. What is the highest common divisor of o and 7?
7
Let v = 101 + -68. Let f be (18/(-8))/((-6)/16). Suppose 0 = f*y - 2*y - 88. Calculate the greatest common divisor of y and v.
11
Let i be (-4 - (-10)/3)*-3. Let x be ((-48)/(-28))/(i/21). What is the highest common divisor of x and 144?
18
Let o be ((-36)/2)/(39/(-104)). Calculate the greatest common factor of 12 and o.
12
Let i(o) = -31*o - 9. Let f be i(-3). Suppose -5*a + 5*p + 60 = -0*p, -2*a - 2*p + 24 = 0. Calculate the highest common factor of f and a.
12
Suppose 16 = -2*v - 0*v. Let z = v + 2. Let u be 40*(z/(-15) - 0). What is the greatest common divisor of u and 48?
16
Let y = -11 - -17. Suppose -y*n - 5*h - 100 = -n, 52 = -3*n - h. Let q = 38 + n. What is the greatest common divisor of q and 33?
11
Suppose 2*i + 7 - 23 = 0. Suppose 2 = 5*c + 4*n - 18, -25 = 5*n. Calculate the greatest common factor of i and c.
8
Suppose -3*k + 23 = -q, 0 = 5*q + 2 + 8. Let v(x) = 4*x + 0*x - 3 + 12*x. Let u be v(5). Calculate the greatest common factor of u and k.
7
Suppose -2*g + 5*i = -16, -2*g - 4*i + 0*i = -34. Suppose 2*p + 0*p - 78 = 0. Calculate the greatest common factor of g and p.
13
Suppose 2*n = 2*c - c - 24, 0 = -2*n + 2. What is the highest common factor of 65 and c?
13
Suppose -4*q + 356 = w, -q + 106 = -7*w + 3*w. Calculate the greatest common divisor of q and 20.
10
Let j = 52 + -24. Calculate the highest common factor of j and 252.
28
Let y be 4/(-14) - (-142)/7. Suppose -3*m = -5*a - 491, -4*m - m + 809 = a. Suppose 0 = n - m - 18. What is the greatest common divisor of y and n?
20
Suppose 0 = -5*o + 66 + 64. Let s = 38 - o. What is the greatest common factor of s and 6?
6
Suppose 39*w - 33 = 357. Suppose 0 = -q - 0*q. Suppose -2*n + 446 = 5*h, 4*h + q*h = -2*n + 356. What is the greatest common divisor of h and w?
10
Let w be 1/(-2)*2*-8. Let m(o) = 16*o - 8. Let d be m(5). What is the highest common factor of d and w?
8
Su